
31
Let z be ((-55)/25)/(9/(-45)). Suppose 3*i - h = 172, 2*h - 310 = -5*i - h. Suppose -183 - i = -2*y. What is the highest common factor of z and y?
11
Let f = -6 + 11. Suppose 219 = f*t - 131. Let x be (4/(24/(-70)))/((-4)/((-144)/(-30))). Calculate the greatest common factor of x and t.
14
Suppose 2*y = 10, 29 = o + 3*y - 18. Suppose 4*z + 2 = i + 8, -2*i = -4*z + 4. Suppose z*h - 11*h = -144. What is the greatest common divisor of h and o?
16
Let q be (((-12)/(-8))/3)/(3/528). Suppose -7*r = -11*r + q. Suppose a + 8 = r. Calculate the greatest common divisor of 7 and a.
7
Let s = -2425 + 16924. What is the highest common factor of s and 27?
27
Let w = 141 + -131. Suppose 0 = w*t - 11*t + 10. Let p = -15 + 35. Calculate the highest common divisor of p and t.
10
Let n be ((-63)/(-35))/9 - 2/10. Suppose 85 = 3*g + 5*y, n = -4*g + 8*g - 3*y - 123. What is the highest common divisor of g and 10?
10
Suppose -3*k + 643 = k + 5*c, c + 1 = 0. Suppose 53*b - 5382 - 342 = 0. What is the greatest common factor of b and k?
54
Let m(b) = 4*b - 2. Let v be m(-1). Let a = v - -26. Let n be (-10)/50 - 21/(-5). What is the greatest common divisor of a and n?
4
Let n(j) = -j**3 - 9*j**2 + 10*j + 6. Let v be n(-11). Suppose 94 + 74 = 28*m. What is the greatest common divisor of m and v?
6
Let y = 18925 + -18199. What is the greatest common divisor of 44 and y?
22
Let h be 10 + (-538016)/(-28) - 5/(-35). What is the highest common factor of h and 25?
25
Let h be (408/132)/17 + 854/22. What is the highest common divisor of h and 93?
3
Let u = 4164 + -4130. Calculate the highest common factor of u and 54.
2
Let p = -201 + 297. Suppose -p = -4*g + 4*s, 7*s = -2*g + 8*s + 50. What is the highest common divisor of 169 and g?
13
Let d = -140 - -34. Let j = -75 - d. Let r be j/5 + (-48)/(-10) + -5. Calculate the greatest common factor of r and 6.
6
Let r(b) = -b + 42. Let y be r(0). Let a be 3*(-3 + (-8)/(-2)). Suppose -a*c = 2*f - 52, -3*f + 57 = 3*c - 0*f. What is the greatest common factor of c and y?
14
Let j(k) = -k**2 + 5*k + 28. Let w be j(8). Let z(f) = -f**2 + 20*f - 39. Let r be z(15). Calculate the greatest common factor of w and r.
4
Suppose 2*i + 6 = -4*c + 186, 5*c + 3*i - 225 = 0. What is the highest common factor of c and 2715?
15
Suppose -7*y - d + 114 = -2*y, 0 = -y - d + 26. Suppose y*i + 6422 = 48*i. Calculate the highest common factor of 13 and i.
13
Let k = 5356 - 5266. Let t(y) = -y**2 + y. Let l(b) = -2*b**2 + b - 2. Let s(w) = -l(w) + t(w). Let x be s(4). What is the highest common factor of x and k?
18
Let g = -2589 - -2595. Calculate the greatest common divisor of 153 and g.
3
Suppose -7*c + 436 = -264. Let r be 446/18 - 10/(-45). Calculate the greatest common factor of r and c.
25
Let q be (-2)/(16/2792) + 6. Let c = q - -367. What is the highest common divisor of c and 456?
24
Let y be (-28)/35 + 128/10. Suppose 301*f - 307*f = -y. What is the greatest common factor of 1 and f?
1
Let a be (-27)/(-6) + (-1404)/(-72). Let j = -37 + 15. Let f be ((-5)/15*j)/(2/a). What is the greatest common factor of f and 22?
22
Suppose 76 = 5*n - 4*y, 17*y = 2*n + 18*y - 33. Let b be (-25)/(-2)*(n - (-13 + 27)). Suppose 0*x + 3*x = 15. What is the highest common divisor of b and x?
5
Suppose -30*f - 975 = -45*f. Let x = f + -16. Calculate the highest common factor of x and 343.
49
Let m(h) = 15*h**3 + 2*h**2 - 2*h. Let g be m(1). Let c be 9/(-2)*100/g. Let u be ((-6912)/c)/8 + (-4)/5. What is the highest common factor of u and 21?
7
Let o be (-14)/(-35) - 596/(-10). Suppose 137*y = 44 + 230. Calculate the greatest common divisor of o and y.
2
Let n = -27 - -30. Let w be 0/(-1) - -7 - n. Suppose -x + 2*o + 42 = 2*x, w*x = 2*o + 56. What is the highest common divisor of 14 and x?
14
Let r be ((-8)/10)/((-4)/10). Let y be (-1 - -2)/((56/272)/7). What is the highest common factor of r and y?
2
Let a(h) = 33*h + 5. Let s = 79 + -86. Let p be a(s). Let c = -160 - p. What is the greatest common factor of 88 and c?
22
Let l = -229 + 334. Let z = -8809 - -8844. What is the greatest common divisor of l and z?
35
Let q(u) = -u**3 - 10*u**2 - 25*u - 10. Let m be q(-10). Calculate the highest common divisor of m and 180.
60
Let y(v) = -v**3 + 2*v**2 + 8*v. Let z be y(4). Let n be 51 - ((z - 0) + -4). Let t = -29 + n. What is the greatest common divisor of t and 13?
13
Let s(f) = 49*f**2 + 5*f - 9. Let k be s(2). Let v = 287 - k. Calculate the highest common divisor of 10 and v.
10
Suppose 0*p + p + 445 = 5*o, -2*o = 3*p - 161. Suppose k = 2, -3*a - 4 + o = 3*k. Let l be (-3 - -5) + 62 + 1. Calculate the greatest common factor of l and a.
13
Let g(n) = -n**2 - 14*n - 38. Let s be g(-9). Suppose 497 = s*k - 315. Calculate the highest common factor of k and 174.
58
Let v(z) = 4*z + 22. Let k be v(-15). Let h be 1/(k/20 + 12/6). Calculate the greatest common factor of h and 620.
10
Let r = -1781 - -1800. Suppose 2 = 4*q - 2. What is the highest common factor of r and q?
1
Suppose -87*h + 59*h + 476 = 0. What is the highest common divisor of 10727 and h?
17
Suppose 3*p = -5*r + 2582, -2*p - 222 + 1254 = 2*r. Let w(a) = a**3 + 7*a**2 + 3*a - 7. Let d be w(-6). Calculate the highest common divisor of d and r.
11
Let u be (39 - (-3)/(-3)) + 1. Let w(y) = y**3 - 24*y**2 + 23*y + 58. Let b be w(23). Let q = b - u. What is the greatest common factor of q and 76?
19
Let n be -7*(5 - (-152)/(-28)). Suppose -2*b = 5*f - 63, 4*f + n*b + b - 48 = 0. Calculate the greatest common factor of 143 and f.
13
Let q(n) = -n**3 + 20*n**2 - 35*n + 27. Let c be q(18). Let o be (18/c)/((-2)/(-850)). Calculate the highest common factor of o and 34.
34
Suppose -7*t = 74 + 710. Let d = 134 + t. Let u = 78 + d. Calculate the highest common divisor of 25 and u.
25
Let m be (35/10 - 5)/(6/(-248)). Suppose 178 + m = 2*l. What is the highest common divisor of 40 and l?
40
Suppose 0 = -6*m + 207 - 177. What is the highest common divisor of 4435 and m?
5
Let x be (-15300096)/(-504) + 20/(-6). Calculate the highest common divisor of x and 6.
6
Suppose -4*t - 213*x + 217*x + 64 = 0, 4*t - 64 = 5*x. What is the greatest common divisor of t and 568?
8
Let d = 75 + -78. Suppose -3*x - 5*u = 28, 14 = 3*x - 2*x - 3*u. Let k be (d - 45/(-12))/(x/(-24)). What is the highest common divisor of 2 and k?
2
Let q be (-10 - -1)*(-10)/6. Suppose 0 = -1692*v + 1687*v - 4*f + 36, 3*v - 6 = -5*f. What is the greatest common divisor of q and v?
3
Suppose -135003 + 127579 = -16*a. What is the greatest common divisor of 2146 and a?
58
Let f(g) = 55*g**2 + 17*g + 88. Let o be f(-4). Let p = o - 672. What is the highest common divisor of 76 and p?
76
Let w(p) = 3*p**2 - 5*p - 3. Let d(j) = 3*j**3 - j - 4. Let k be d(-2). Let r = k - -29. Let s be w(r). What is the highest common factor of 27 and s?
9
Suppose -90*a - 4*b = -88*a - 352, 5*a + 5*b = 860. What is the highest common divisor of a and 9576?
168
Let d be ((-188)/16)/((750/30)/(-1600)). What is the highest common factor of 1316 and d?
188
Suppose 2*a - 344 + 1024 = 12*a. Let j be (78/(-15))/((-1)/(-10)). Let f = j + a. Calculate the greatest common divisor of 144 and f.
16
Let n be (-2 + -4)*(225/(-10))/3. Suppose -3*k - n - 144 = 0. Let m be (-7)/(k/6)*3*2. Calculate the highest common divisor of m and 20.
4
Let k(n) = n**2 + 6*n + 7. Let u be k(-5). Suppose -u*t = -5*t + 465. Let b = -13655 - -13717. Calculate the greatest common factor of t and b.
31
Let r = 2839 + -2817. What is the greatest common divisor of 1232 and r?
22
Let r(q) = q + 11 + 2*q - 4*q**2 + 5*q**2 + 0. Let a be r(0). What is the greatest common divisor of a and 187?
11
Suppose 12*m - 2*i - 31480 = 0, -10512 = -4*m + 11*i - 15*i. Calculate the greatest common divisor of m and 800.
32
Let r = -90 + 218. Let j = r + -122. What is the greatest common divisor of 24 and j?
6
Let h be (-3)/(9/(-15)) - -1457. Calculate the highest common factor of 559 and h.
43
Suppose -7*k - 420 = -21*k. Suppose -4*f + 3*z = -44 - k, -f = -2*z - 16. What is the highest common divisor of f and 130?
10
Suppose 5*w = 2*w + 9. Suppose 92 = w*x + 4*q + 31, 4*q = 16. Let m = -18 - -33. What is the greatest common factor of x and m?
15
Let x(b) = -14*b + 2. Let f be x(-3). Let s = f - 45. Let u be (-175)/50*(s - (15 - 2)). 